s of 4251.
3, 13, 109
List the prime factors of 3190.
2, 5, 11, 29
List the prime factors of 1206.
2, 3, 67
List the prime factors of 3280.
2, 5, 41
What are the prime factors of 3832?
2, 479
List the prime factors of 38987.
13, 2999
List the prime factors of 1529.
11, 139
What are the prime factors of 33940?
2, 5, 1697
What are the prime factors of 49?
7
List the prime factors of 2050.
2, 5, 41
What are the prime factors of 105435?
3, 5, 11, 71
List the prime factors of 2655.
3, 5, 59
What are the prime factors of 130?
2, 5, 13
List the prime factors of 1276.
2, 11, 29
What are the prime factors of 55216?
2, 7, 17, 29
What are the prime factors of 4957?
4957
List the prime factors of 19.
19
List the prime factors of 1795.
5, 359
What are the prime factors of 64647?
3, 11, 653
List the prime factors of 564.
2, 3, 47
List the prime factors of 9020.
2, 5, 11, 41
List the prime factors of 18656.
2, 11, 53
What are the prime factors of 6207?
3, 2069
What are the prime factors of 1347?
3, 449
What are the prime factors of 902?
2, 11, 41
List the prime factors of 1232.
2, 7, 11
List the prime factors of 2693.
2693
List the prime factors of 12862.
2, 59, 109
What are the prime factors of 641?
641
What are the prime factors of 1096?
2, 137
What are the prime factors of 3252?
2, 3, 271
List the prime factors of 360.
2, 3, 5
What are the prime factors of 1899?
3, 211
What are the prime factors of 1454?
2, 727
List the prime factors of 47173.
7, 23, 293
List the prime factors of 3600.
2, 3, 5
What are the prime factors of 25130?
2, 5, 7, 359
List the prime factors of 18597.
3, 6199
What are the prime factors of 2332?
2, 11, 53
What are the prime factors of 81562?
2, 13, 3137
What are the prime factors of 31158?
2, 3, 577
List the prime factors of 191.
191
List the prime factors of 51813.
3, 19, 101
List the prime factors of 62974.
2, 23, 37
List the prime factors of 22919.
13, 41, 43
List the prime factors of 110524.
2, 27631
List the prime factors of 1020.
2, 3, 5, 17
What are the prime factors of 4022?
2, 2011
What are the prime factors of 16907?
11, 29, 53
What are the prime factors of 134?
2, 67
List the prime factors of 52733.
52733
What are the prime factors of 16128?
2, 3, 7
List the prime factors of 56433.
3, 13, 1447
What are the prime factors of 146998?
2, 67, 1097
List the prime factors of 23748.
2, 3, 1979
List the prime factors of 3381.
3, 7, 23
What are the prime factors of 11560?
2, 5, 17
What are the prime factors of 2116?
2, 23
What are the prime factors of 4282?
2, 2141
List the prime factors of 74701.
11, 6791
List the prime factors of 7869.
3, 43, 61
List the prime factors of 2202.
2, 3, 367
What are the prime factors of 43714?
2, 11, 1987
What are the prime factors of 126?
2, 3, 7
List the prime factors of 977.
977
What are the prime factors of 15256?
2, 1907
What are the prime factors of 1201?
1201
List the prime factors of 82417.
73, 1129
List the prime factors of 6512.
2, 11, 37
What are the prime factors of 1059?
3, 353
List the prime factors of 972.
2, 3
List the prime factors of 9354.
2, 3, 1559
What are the prime factors of 54069?
3, 67, 269
List the prime factors of 4016.
2, 251
List the prime factors of 21618.
2, 3, 1201
List the prime factors of 2452.
2, 613
List the prime factors of 2552.
2, 11, 29
What are the prime factors of 19396?
2, 13, 373
List the prime factors of 2267.
2267
List the prime factors of 6395.
5, 1279
What are the prime factors of 106?
2, 53
What are the prime factors of 13466?
2, 6733
List the prime factors of 78787.
78787
List the prime factors of 1577.
19, 83
What are the prime factors of 23599?
23599
List the prime factors of 1406.
2, 19, 37
List the prime factors of 1184.
2, 37
What are the prime factors of 7664?
2, 479
List the prime factors of 478.
2, 239
List the prime factors of 5992.
2, 7, 107
List the prime factors of 2072.
2, 7, 37
What are the prime factors of 344?
2, 43
What are the prime factors of 41?
41
What are the prime factors of 5383?
7, 769
What are the prime factors of 9302?
2, 4651
What are the prime factors of 34818?
2, 3, 7, 829
List the prime factors of 1929.
3, 643
What are the prime factors of 5249?
29, 181
What are the prime factors of 136938?
2, 3, 29, 787
List the prime factors of 1783.
1783
List the prime factors of 12013.
41, 293
What are the prime factors of 792?
2, 3, 11
What are the prime factors of 1107?
3, 41
What are the prime factors of 865?
5, 173
What are the prime factors of 1542?
2, 3, 257
List the prime factors of 16412.
2, 11, 373
List the prime factors of 42663.
3, 14221
List the prime factors of 26776.
2, 3347
List the prime factors of 458.
2, 229
List the prime factors of 1180.
2, 5, 59
What are the prime factors of 438?
2, 3, 73
List the prime factors of 10915.
5, 37, 59
What are the prime factors of 1056?
2, 3, 11
What are the prime factors of 23557?
23557
What are the prime factors of 4764?
2, 3, 397
What are the prime factors of 13225?
5, 23
List the prime factors of 16437.
3, 5479
List the prime factors of 9015.
3, 5, 601
List the prime factors of 162.
2, 3
List the prime factors of 87602.
2, 43801
What are the prime factors of 32694?
2, 3, 5449
What are the prime factors of 23749?
11, 17, 127
What are the prime factors of 4798?
2, 2399
List the prime factors of 6363.
3, 7, 101
What are the prime factors of 2532?
2, 3, 211
What are the prime factors of 26834?
2, 13417
List the prime factors of 8172.
2, 3, 227
What are the prime factors of 14833?
7, 13, 163
List the prime factors of 36049.
13, 47, 59
What are the prime factors of 11471?
11471
What are the prime factors of 13370?
2, 5, 7, 191
List the prime factors of 5125.
5, 41
What are the prime factors of 18194?
2, 11, 827
List the prime factors of 29126.
2, 14563
List the prime factors of 66238.
2, 33119
List the prime factors of 12078.
2, 3, 11, 61
What are the prime factors of 2452?
2, 613
What are the prime factors of 24343?
11, 2213
What are the prime factors of 348?
2, 3, 29
What are the prime factors of 31002?
2, 3, 5167
What are the prime factors of 139392?
2, 3, 11
List the prime factors of 2200.
2, 5, 11
What are the prime factors of 20007?
3, 13, 19
List the prime factors of 876.
2, 3, 73
List the prime factors of 14474.
2, 7237
What are the prime factors of 3354?
2, 3, 13, 43
What are the prime factors of 503?
503
List the prime factors of 12629.
73, 173
What are the prime factors of 114374?
2, 13, 53, 83
What are the prime factors of 13174?
2, 7, 941
What are the prime factors of 51370?
2, 5, 11, 467
List the prime factors of 2193.
3, 17, 43
What are the prime factors of 939?
3, 313
List the prime factors of 1381.
1381
What are the prime factors of 14142?
2, 3, 2357
What are the prime factors of 4295?
5, 859
What are the prime factors of 15291?
3, 1699
List the prime factors of 3551.
53, 67
List the prime factors of 27525.
3, 5, 367
List the prime factors of 2250.
2, 3, 5
What are the prime factors of 75239?
75239
List the prime factors of 2210.
2, 5, 13, 17
What are the prime factors of 8413?
47, 179
List the prime factors of 15797.
15797
List the prime factors of 18482.
2, 9241
What are the prime factors of 1030?
2, 5, 103
What are the prime factors of 840?
2, 3, 5, 7
What are the prime factors of 765?
3, 5, 17
List the prime factors of 3939.
3, 13, 101
What are the prime factors of 8890?
2, 5, 7, 127
List the prime factors of 17320.
2, 5, 433
List the prime factors of 795.
3, 5, 53
List the prime factors of 8975.
5, 359
List the prime factors of 1055.
5, 211
What are the prime factors of 89789?
7, 101, 127
What are the prime factors of 509?
509
What are the prime factors of 74376?
2, 3, 1033
List the prime factors of 2364.
2, 3, 197
List the prime factors of 20633.
47, 439
List the prime factors of 32968.
2, 13, 317
List the prime factors of 34438.
2, 67, 257
What are the prime factors of 396?
2, 3, 11
List the prime factors of 460.
2, 5, 23
What are the prime factors of 15631?
7, 11, 29
List the prime factors of 3748.
2, 937
What are the prime factors of 1421?
7, 29
List the prime factors of 23076.
2, 3, 641
List the prime factors of 5169.
3, 1723
What are the prime factors of 3043?
17, 179
What are the prime factors of 10672?
2, 23, 29
What are the prime factors of 1037?
17,